+ 1 - 4 - s**2 - 2. Give r(-4).
-9
Suppose -4*j + 3*q + 72 = 0, 0 = 3*q + q. Suppose -2*x + 31 = 5*l + x, 4*l = x + j. Let m(g) = 2*g**2 - 8 - l*g + 6 + 2*g. Calculate m(3).
7
Let z(l) = -1. Let o(q) = -2*q. Let y(v) = -o(v) - z(v). Give y(6).
13
Let n(i) = 3 + 3*i + 1 - 5. Suppose -4*j + j + d = -11, -4*d - 23 = -5*j. Give n(j).
8
Let k = 2 - 27. Let i be (-3)/(-5) - (-15)/k. Let c(g) be the first derivative of g**4/4 + g**3/3 + g**2/2 + 5*g + 2. Calculate c(i).
5
Let j(l) = -l**3 - 2*l**2 + 3*l - 2. Suppose 2*r + 6 = 14. Let h = r - 7. Determine j(h).
-2
Suppose 3*g + 0 - 3 = 0. Let f be (0 - (g + -1)) + 0. Let a(l) be the first derivative of -l**4/4 - l**2/2 + 8*l - 1. Calculate a(f).
8
Let a(x) be the first derivative of -x**2/2 - 3*x + 16. Calculate a(-5).
2
Let i(f) = f**3 - 3. Suppose 7*g - 3*g = -12. Determine i(g).
-30
Let l(d) be the first derivative of 5*d**3/3 + 2. Let t be (-1)/(3 - (-26)/(-8)). Suppose -t = 5*k - k. Calculate l(k).
5
Let d(u) = u**3 + 5*u**2 + 4*u. Suppose -3 = 4*c + 9. What is d(c)?
6
Suppose 4*f + 3 = 3*c + f, 2*c = 5*f + 2. Let v(l) = -13*l + 1. Determine v(c).
-12
Let p(q) = -q**3 + 4*q**2 + 3*q + 7. Let t(j) = -j**2 - 15*j + 5. Let y be t(-15). Let g be p(y). Let m(s) = s**2 + 2*s + 1. Give m(g).
4
Let u(a) = a**3 - 5*a**2 + 3*a + 4. Suppose -7*z = -z - 24. What is u(z)?
0
Let d(b) be the second derivative of 0 + 5/2*b**2 - 1/12*b**4 - 5/6*b**3 - 5*b. What is d(-6)?
-1
Let g(p) = -6*p. Let l(o) = o**2 - 10. Let k be l(-3). What is g(k)?
6
Let l(h) = 2*h + 15. Let k(s) = -s - 7. Let c(x) = -7*k(x) - 3*l(x). What is c(6)?
10
Let q be (-16)/(-6)*(-9)/(-6). Let d(s) = 20*s + 5. Let x(l) = -7*l - 2. Let i(a) = 6*d(a) + 17*x(a). Calculate i(q).
0
Suppose 3*a + 2*a = 10. Let s be ((-3)/4)/((-1)/4). Let y be (-24)/9*s/a. Let l(j) = -j + 3. Determine l(y).
7
Let a(j) = 5*j**3 - 2*j**2 + 1. Let f be a(-1). Let r = -4 - f. Let q(u) = -2*u - 1. What is q(r)?
-5
Let w(o) = 13*o - 1 + 13*o + 18*o - 40*o. Calculate w(1).
3
Let h(n) = -4*n - 6. Suppose 17 + 8 = -5*c. Determine h(c).
14
Let z(v) = -v**2 + 8*v + 10. Let h(y) = 2*y**2 - 15*y - 19. Let d(a) = 4*h(a) + 7*z(a). Let b(x) = x**3 - 8*x**2 + 7*x + 5. Let k be b(7). Determine d(k).
-1
Let y(o) = 25*o**2 - o + 3*o + 2 - 3*o - 24*o**2. Suppose -15 = -5*f - 0. What is y(f)?
8
Let a = -13 - -25. Let v be a/(1 + -4) - 0. Let p(z) = -z**2 + z**2 + 1 + z + z**2 + z. Calculate p(v).
9
Let s(p) be the third derivative of -p**6/120 + 7*p**5/60 - p**4/3 + 7*p**3/6 - 6*p**2. What is s(6)?
-5
Suppose 8 = t + 4*c + 25, 5*t + 2*c = 5. Let l(h) = -4*h - 6 + 2*h + t*h. Calculate l(6).
0
Suppose 2 = k + 2*n - 3*n, -5*k + 4*n + 10 = 0. Suppose -d - d = -4*p + 2, -4*p + 14 = 2*d. Let g(w) = 1 - w + 2*w + 2*w**p - 2*w. Give g(k).
7
Suppose 0 = -3*b - 2*u + 2, -3*b - 1 = u - 5. Let r(m) = -1 + b - 4*m + 7*m + m**3 + 5*m**2 + m. Calculate r(-3).
7
Let x(r) = -r**2 + 9*r - 7. Let k be x(7). Let y(h) = -h**3 + 8*h**2 - 7*h - 2. Let l be y(k). Let n be l/(-3) - (-10)/(-6). Let i(t) = -t**2 - t. Give i(n).
0
Let g(d) = -d + 2. Let z(q) = 13*q - 1. Let u be z(-1). Let x be (38/u + 3)*7. Let i be (-10)/4*(-4)/x. Give g(i).
-3
Let q(j) = -j - 4. Let x = 22 - 11. Suppose 5 - 12 = w + p, -w + 5*p = -x. What is q(w)?
0
Let m = -13 - -11. Let s(j) = 10*j. Let w(y) = -y. Let u = -7 + -11. Let n(z) = u*w(z) - 2*s(z). Determine n(m).
4
Let n = 7 - 4. Suppose -5*l = -n*m - 4, 2 = -2*m + 3*l - 0. Let s(h) = -h**3 + m*h - h + 0*h - 2 - 4*h**2. Determine s(-4).
-6
Let u = -8 - -14. Let d(t) = t**2 - 6*t + 4. Let c be d(u). Let p(k) = -k**2 + 5*k - 2. Determine p(c).
2
Let d be (2 - 3) + 2/2. Let x(z) be the second derivative of z**4/12 + z**2/2 + 2*z. What is x(d)?
1
Let y(b) = b**2 - b. Let v(f) = f - 14. Let d be v(16). What is y(d)?
2
Let q(a) be the second derivative of -a**4/12 + 2*a**3/3 - a**2/2 + 16*a + 1. Determine q(5).
-6
Let g(p) = -p**3 + 2*p**2 - 2*p + 1. Let u be 1 + -2*(-3)/6. Suppose -u + 3 = l. Determine g(l).
0
Let v = 47/12 + -11/3. Let u(k) be the second derivative of 5/6*k**3 + v*k**4 + k**2 - 1/20*k**5 - k + 0. Give u(4).
6
Let p(t) = t**3 - 8*t**2 - 9*t - 7. Let k = 54 + -45. Give p(k).
-7
Let a(s) = -5*s**3 - 20*s**2 - 9*s - 20. Let h(j) = j**3 + 5*j**2 + 2*j + 5. Let y(q) = -2*a(q) - 9*h(q). Calculate y(5).
-5
Let a(c) = -6*c. Let q(l) = -22*l + 11. Let r(z) = 11*z - 5. Let u(d) = 4*q(d) + 9*r(d). Let i(n) = -5*a(n) - 3*u(n). Calculate i(4).
-9
Suppose -5 = -2*a + 4*r + 1, -2*a - 5*r = -6. Suppose -m = -3*v, -a*v - 4*m + 4 = -11. Let b(w) = -v + 8 - w + 0. Determine b(4).
3
Suppose 0 = 2*u - 3 - 5. Let k(z) = -z**3 + 5*z**2 - 5*z + 5. Calculate k(u).
1
Let h be 1/(-2) - 9/6. Let k(b) = -2*b**3 - 4*b**2 - 2*b + 2. Calculate k(h).
6
Suppose -8*c = -6*c + 8. Let b(y) be the third derivative of 1/6*y**4 + 0*y + 0 - 1/120*y**6 - y**2 - 1/20*y**5 + 0*y**3. What is b(c)?
0
Let x(b) be the second derivative of b**4/12 - b**3/2 - b**2 + 3*b. Give x(-2).
8
Let t(r) = -2*r + 5. Suppose -2*g - 25 = -7*g. Give t(g).
-5
Let k(g) = g - 4. Suppose 75 = 5*x - 15. Let s be 58/x - 8/36. What is k(s)?
-1
Let t(x) = x**2 - 7*x - 3. Let b be t(7). Suppose 0 = 5*u + 2 - 7. Let n(h) = 0 - 5*h - 5 + u - h**2. Calculate n(b).
2
Let c(k) = -k**2 - 6*k + 9. Suppose 2 = q, 2*q = -z + 3*q - 9. Calculate c(z).
2
Let c(r) = -r**2 + r + 2. Let n be c(2). Let z(j) = 9 + 0*j + 22 + j - 22. Give z(n).
9
Suppose -v + 5*b + 24 = 2*v, -3*v + 4*b = -21. Let d(p) be the third derivative of p**5/60 - 5*p**4/24 + p**3/2 + p**2. What is d(v)?
-3
Let l be (2/(-5))/(8/(-10)). Let w(k) be the second derivative of -l*k**3 + 1/2*k**2 + 0 + k. Calculate w(2).
-5
Let a(r) be the third derivative of r**6/120 - 2*r**5/15 - r**4/24 + r**3/6 + 20*r**2. Give a(8).
-7
Let a = -1 - 0. Let t(i) be the third derivative of -i**6/30 + i**4/24 + i**3/6 - 16*i**2 - 2. Calculate t(a).
4
Let l be 54/4 - 1/2. Let g = 8 - l. Let d(u) = u**3 + 4*u**2 - 4*u + 3. Determine d(g).
-2
Let m(c) be the third derivative of -c**4/24 + c**3/3 - 2*c**2. Let s be ((-6)/(-1))/2 + 2. Suppose -q - 2*r + 3 = -8, -s*q + 2*r = -7. Determine m(q).
-1
Let f(z) = -z**2 + 5*z - 8. Suppose 3*m = 4*y - 16, -5*y - m + 1 = -0. Suppose 2*n - 2*x = 5 - y, 3*n - 26 = -2*x. Give f(n).
-14
Suppose 0 = -f + 6*f - 40. Suppose f = t - 3*z, 6*t + z = 2*t + 19. Suppose -5*v + h = t, -4*v - 30 = 3*h - 7. Let r(w) = -w**2 - 2*w + 1. What is r(v)?
1
Let v be (-3*1)/((-3)/10). Suppose k + 2*w - 15 = 0, k + w = -0*k + v. Let f(q) = -1 - 5*q - q + 9*q - 4*q. Determine f(k).
-6
Let c(z) = 21 - 3*z - 22 - 4*z**2 + z. Calculate c(-1).
-3
Let k be (-55)/20 + 3 + (-2)/8. Let w(u) be the third derivative of 0*u + 7/6*u**3 + k - u**2 - 1/24*u**4. Calculate w(0).
7
Suppose q = 2*q - 3. Let k(f) = 2*f - 10. Let b be 3*-4*3/6. Let a(r) = 2*r - 9. Let g(u) = b*a(u) + 5*k(u). Give g(q).
-2
Suppose 0*q + 3*q + 18 = 0. Let o(s) = -3*s - 4. What is o(q)?
14
Suppose 3*o + 21 = 9. Let i(t) = t**3 + 4*t**2 - t + 4. Calculate i(o).
8
Let o = 4 + -2. Suppose o*b + 0 = 8. Let k(u) = -u**2 + 5*u + 1. What is k(b)?
5
Let h(b) = -2*b**2 - b + 8. Let k(y) = y**2 + y - 4. Suppose 3*f - 3 = 2*f. Let i(r) = f*h(r) + 7*k(r). What is i(-5)?
1
Let a(r) = 13 - r**2 - r + 6*r**2 + r**3 - 4*r**2. Give a(0).
13
Let k(f) = f**2 - f + 2. Suppose 6*d + 5 = -85. Let m = d + 18. Determine k(m).
8
Let m(q) = q**3 - 4*q + 4. Let c be m(2). Let a(v) = v**2 - 4*v - 4. Determine a(c).
-4
Let a(t) = -t - 2. Suppose 28 = 4*z - 20. Suppose -3*s - z = s. Give a(s).
1
Suppose m + 4*m + 20 = 0. Let o(p) = -8*p**2 + 6*p - 5. Let x(l) = -3*l**2 + 3*l - 3. Let j(q) = -2*o(q) + 5*x(q). What is j(m)?
-1
Let w(g) be the first derivative of -g**3/3 + 3*g**2/2 - 2*g + 4. Let o(j) = j**2 + 4*j - 2. Let q be o(-5). Calculate w(q).
-2
Let f(b) = 2*b - 5. Let g be f(5). Suppose -1 = c + g. Let a(v) = 2*v + 8. Give a(c).
-4
Let z(m) = -m + 2. Let q be -1*4*(-7 + 9). Give z(q).
10
Suppose -k - 2*k - 9 = 3*n, -n + 4*k + 22 = 0. Let s(l) = n*l - 4*l**2 - l + 2 + 2*l**2. Calculate s(2).
-4
Let w(v) be the third derivative of -v**5/60 - v**4/6 - v**3/6 - 25*v**2. Let a = 8 + -13. Determine w(a).
-6
Let s(j) = -j - 1. Let b(t) = -6*t - 7. Let n(v) = -b(v) + 4*s(v). Let p(u) = 2*u + 4. Let o(k) = 2*n(k) - 3*p(k). Determine o(-5).
4
Suppose 5*p - 7*o + 2*o 